{"id":196,"date":"2021-04-08T16:40:26","date_gmt":"2021-04-08T16:40:26","guid":{"rendered":"http:\/\/sport.joelahtme.ee\/?page_id=196"},"modified":"2021-06-08T16:39:58","modified_gmt":"2021-06-08T13:39:58","slug":"obi-tall","status":"publish","type":"page","link":"https:\/\/sport.joelahtme.ee\/?page_id=196","title":{"rendered":"Obi tall"},"content":{"rendered":"<p>On v\u00f5imalik eelregistreerimisel ratsutada nii poni kui hobusega, samuti tellida poni kohapeale.<\/p>\n<p><strong>Aadress:<\/strong> Obi talu, Ruu k\u00fcla, J\u00f5el\u00e4htme vald, Harjumaa, 74202<br \/>\n<strong>Telefon:<\/strong> 601 4876, 5646 1023 Mari Kruus<br \/>\n<strong>E-mail:<\/strong> <a href=\"mailto:kruusmari@gmail.com\">kruusmari@gmail.com<\/a><br \/>\n<strong>Koduleht: <\/strong><a href=\"https:\/\/m.facebook.com\/ObiTall\" target=\"_blank\" rel=\"noopener\">https:\/\/m.facebook.com\/ObiTall<\/a><\/p>\n","protected":false},"excerpt":{"rendered":"<p>On v\u00f5imalik eelregistreerimisel ratsutada nii poni kui hobusega, samuti tellida poni kohapeale. Aadress: Obi talu, Ruu k\u00fcla, J\u00f5el\u00e4htme vald, Harjumaa, 74202 Telefon: 601 4876, 5646 1023 Mari Kruus E-mail: kruusmari@gmail.com&hellip;<a href=\"https:\/\/sport.joelahtme.ee\/?page_id=196\" class=\"more-link\"><span class=\"more-button\">Vaata&#8230;<span class=\"screen-reader-text\">Obi tall<\/span><\/span><\/a><\/p>\n","protected":false},"author":1,"featured_media":442,"parent":11,"menu_order":0,"comment_status":"closed","ping_status":"closed","template":"","meta":{"footnotes":""},"class_list":["post-196","page","type-page","status-publish","has-post-thumbnail","hentry"],"_links":{"self":[{"href":"https:\/\/sport.joelahtme.ee\/index.php?rest_route=\/wp\/v2\/pages\/196","targetHints":{"allow":["GET"]}}],"collection":[{"href":"https:\/\/sport.joelahtme.ee\/index.php?rest_route=\/wp\/v2\/pages"}],"about":[{"href":"https:\/\/sport.joelahtme.ee\/index.php?rest_route=\/wp\/v2\/types\/page"}],"author":[{"embeddable":true,"href":"https:\/\/sport.joelahtme.ee\/index.php?rest_route=\/wp\/v2\/users\/1"}],"replies":[{"embeddable":true,"href":"https:\/\/sport.joelahtme.ee\/index.php?rest_route=%2Fwp%2Fv2%2Fcomments&post=196"}],"version-history":[{"count":4,"href":"https:\/\/sport.joelahtme.ee\/index.php?rest_route=\/wp\/v2\/pages\/196\/revisions"}],"predecessor-version":[{"id":819,"href":"https:\/\/sport.joelahtme.ee\/index.php?rest_route=\/wp\/v2\/pages\/196\/revisions\/819"}],"up":[{"embeddable":true,"href":"https:\/\/sport.joelahtme.ee\/index.php?rest_route=\/wp\/v2\/pages\/11"}],"wp:featuredmedia":[{"embeddable":true,"href":"https:\/\/sport.joelahtme.ee\/index.php?rest_route=\/wp\/v2\/media\/442"}],"wp:attachment":[{"href":"https:\/\/sport.joelahtme.ee\/index.php?rest_route=%2Fwp%2Fv2%2Fmedia&parent=196"}],"curies":[{"name":"wp","href":"https:\/\/api.w.org\/{rel}","templated":true}]}}