{"id":1158,"date":"2023-08-08T10:40:05","date_gmt":"2023-08-08T07:40:05","guid":{"rendered":"https:\/\/sport.joelahtme.ee\/?page_id=1158"},"modified":"2023-08-08T10:40:05","modified_gmt":"2023-08-08T07:40:05","slug":"neeme-madalseiklusrada","status":"publish","type":"page","link":"https:\/\/sport.joelahtme.ee\/?page_id=1158","title":{"rendered":"Neeme madalseiklusrada"},"content":{"rendered":"<p><strong>Aadress:<\/strong> M\u00e4nnim\u00e4e tee 10, Neeme k\u00fcla, J\u00f5el\u00e4htme vald, Harjumaa.<\/p>\n<p><img loading=\"lazy\" decoding=\"async\" class=\"alignnone wp-image-1160 size-large\" src=\"http:\/\/sport.joelahtme.ee\/wp-content\/uploads\/2023\/08\/Neeme-1024x768.jpg\" alt=\"\" width=\"1024\" height=\"768\" srcset=\"https:\/\/sport.joelahtme.ee\/wp-content\/uploads\/2023\/08\/Neeme-1024x768.jpg 1024w, https:\/\/sport.joelahtme.ee\/wp-content\/uploads\/2023\/08\/Neeme-300x225.jpg 300w, https:\/\/sport.joelahtme.ee\/wp-content\/uploads\/2023\/08\/Neeme-768x576.jpg 768w, https:\/\/sport.joelahtme.ee\/wp-content\/uploads\/2023\/08\/Neeme-825x620.jpg 825w, https:\/\/sport.joelahtme.ee\/wp-content\/uploads\/2023\/08\/Neeme-600x450.jpg 600w, https:\/\/sport.joelahtme.ee\/wp-content\/uploads\/2023\/08\/Neeme-400x300.jpg 400w, https:\/\/sport.joelahtme.ee\/wp-content\/uploads\/2023\/08\/Neeme.jpg 1107w\" sizes=\"auto, (max-width: 1024px) 100vw, 1024px\" \/><img loading=\"lazy\" decoding=\"async\" class=\"alignnone wp-image-1159 size-large\" src=\"http:\/\/sport.joelahtme.ee\/wp-content\/uploads\/2023\/08\/Neeme-2-768x1024.jpg\" alt=\"\" width=\"768\" height=\"1024\" srcset=\"https:\/\/sport.joelahtme.ee\/wp-content\/uploads\/2023\/08\/Neeme-2-768x1024.jpg 768w, https:\/\/sport.joelahtme.ee\/wp-content\/uploads\/2023\/08\/Neeme-2-225x300.jpg 225w, https:\/\/sport.joelahtme.ee\/wp-content\/uploads\/2023\/08\/Neeme-2-465x620.jpg 465w, https:\/\/sport.joelahtme.ee\/wp-content\/uploads\/2023\/08\/Neeme-2-750x1000.jpg 750w, https:\/\/sport.joelahtme.ee\/wp-content\/uploads\/2023\/08\/Neeme-2-487x650.jpg 487w, https:\/\/sport.joelahtme.ee\/wp-content\/uploads\/2023\/08\/Neeme-2-337x450.jpg 337w, https:\/\/sport.joelahtme.ee\/wp-content\/uploads\/2023\/08\/Neeme-2.jpg 830w\" sizes=\"auto, (max-width: 768px) 100vw, 768px\" \/><\/p>\n<p>Piltide autor Sirje P\u00f5llu.<\/p>\n","protected":false},"excerpt":{"rendered":"<p>Aadress: M\u00e4nnim\u00e4e tee 10, Neeme k\u00fcla, J\u00f5el\u00e4htme vald, Harjumaa. Piltide autor Sirje P\u00f5llu.<\/p>\n","protected":false},"author":5,"featured_media":0,"parent":0,"menu_order":0,"comment_status":"closed","ping_status":"closed","template":"","meta":{"footnotes":""},"class_list":["post-1158","page","type-page","status-publish","hentry"],"_links":{"self":[{"href":"https:\/\/sport.joelahtme.ee\/index.php?rest_route=\/wp\/v2\/pages\/1158","targetHints":{"allow":["GET"]}}],"collection":[{"href":"https:\/\/sport.joelahtme.ee\/index.php?rest_route=\/wp\/v2\/pages"}],"about":[{"href":"https:\/\/sport.joelahtme.ee\/index.php?rest_route=\/wp\/v2\/types\/page"}],"author":[{"embeddable":true,"href":"https:\/\/sport.joelahtme.ee\/index.php?rest_route=\/wp\/v2\/users\/5"}],"replies":[{"embeddable":true,"href":"https:\/\/sport.joelahtme.ee\/index.php?rest_route=%2Fwp%2Fv2%2Fcomments&post=1158"}],"version-history":[{"count":1,"href":"https:\/\/sport.joelahtme.ee\/index.php?rest_route=\/wp\/v2\/pages\/1158\/revisions"}],"predecessor-version":[{"id":1161,"href":"https:\/\/sport.joelahtme.ee\/index.php?rest_route=\/wp\/v2\/pages\/1158\/revisions\/1161"}],"wp:attachment":[{"href":"https:\/\/sport.joelahtme.ee\/index.php?rest_route=%2Fwp%2Fv2%2Fmedia&parent=1158"}],"curies":[{"name":"wp","href":"https:\/\/api.w.org\/{rel}","templated":true}]}}